inder when 58095418 is divided by 4297.
4275
Calculate the remainder when 8916843 is divided by 235.
3
Calculate the remainder when 39942147 is divided by 69344.
3
What is the remainder when 1304202 is divided by 2598?
6
What is the remainder when 107437231 is divided by 358?
357
What is the remainder when 11517762 is divided by 91?
74
Calculate the remainder when 17913 is divided by 47.
6
What is the remainder when 1945885497 is divided by 3625?
3622
Calculate the remainder when 5090436 is divided by 12.
0
Calculate the remainder when 3248427 is divided by 486.
3
What is the remainder when 21858991 is divided by 207?
205
Calculate the remainder when 4255082 is divided by 19.
13
What is the remainder when 12355961 is divided by 292?
273
What is the remainder when 1412537 is divided by 414?
383
Calculate the remainder when 28322349 is divided by 219553.
12
Calculate the remainder when 6190574 is divided by 11814.
38
What is the remainder when 224369438 is divided by 11?
7
What is the remainder when 1969217493 is divided by 5727?
5724
Calculate the remainder when 6364 is divided by 2920.
524
What is the remainder when 132988 is divided by 21466?
4192
Calculate the remainder when 217170 is divided by 11872.
3474
Calculate the remainder when 7183384 is divided by 675.
34
What is the remainder when 99174 is divided by 263?
23
What is the remainder when 68284 is divided by 8286?
1996
What is the remainder when 3688431 is divided by 40532?
19
Calculate the remainder when 177560 is divided by 35478.
170
What is the remainder when 8658353 is divided by 1238?
1019
Calculate the remainder when 49210531 is divided by 82.
35
What is the remainder when 59208 is divided by 2327?
1033
Calculate the remainder when 245536 is divided by 35050.
186
Calculate the remainder when 2674740 is divided by 445784.
36
What is the remainder when 1056872 is divided by 23?
22
What is the remainder when 254478 is divided by 1574?
1064
Calculate the remainder when 31802121 is divided by 74304.
9
Calculate the remainder when 1649088 is divided by 274836.
72
Calculate the remainder when 102808 is divided by 397.
382
Calculate the remainder when 64727 is divided by 824.
455
What is the remainder when 216829257 is divided by 18?
15
Calculate the remainder when 266106798 is divided by 10.
8
What is the remainder when 5479413 is divided by 731?
568
What is the remainder when 814563 is divided by 15367?
112
Calculate the remainder when 6875835 is divided by 343790.
35
Calculate the remainder when 224180684 is divided by 93.
92
What is the remainder when 5741292 is divided by 8155?
172
What is the remainder when 48415100 is divided by 1381?
2
What is the remainder when 560427 is divided by 31079?
1005
What is the remainder when 45726 is divided by 22811?
104
What is the remainder when 395699642 is divided by 1007?
1006
What is the remainder when 2763804 is divided by 26575?
4
What is the remainder when 12924316 is divided by 4308102?
10
What is the remainder when 33514962 is divided by 12?
6
What is the remainder when 246736 is divided by 109?
69
What is the remainder when 1753626 is divided by 86?
0
What is the remainder when 133856 is divided by 44061?
1673
Calculate the remainder when 210095 is divided by 7.
4
Calculate the remainder when 425411 is divided by 1407.
497
What is the remainder when 6751559 is divided by 21?
17
Calculate the remainder when 556867 is divided by 7834.
653
What is the remainder when 196899 is divided by 1222?
157
Calculate the remainder when 4286237 is divided by 25.
12
Calculate the remainder when 8156446 is divided by 138244.
50
What is the remainder when 2176816 is divided by 544193?
44
What is the remainder when 207872 is divided by 9941?
9052
What is the remainder when 5582091 is divided by 445?
11
What is the remainder when 25614611 is divided by 2006?
2003
What is the remainder when 193399245 is divided by 1444?
1437
Calculate the remainder when 358507 is divided by 59751.
1
Calculate the remainder when 815162 is divided by 90.
32
What is the remainder when 115352658 is divided by 659?
639
What is the remainder when 2970150 is divided by 879?
9
What is the remainder when 239176047 is divided by 2175?
2172
What is the remainder when 384610 is divided by 14792?
18
What is the remainder when 743191 is divided by 64?
23
What is the remainder when 156188 is divided by 26?
6
Calculate the remainder when 364161 is divided by 5609.
5185
Calculate the remainder when 591571 is divided by 16901.
36
What is the remainder when 144352651 is divided by 411?
409
Calculate the remainder when 7533060 is divided by 269037.
24
What is the remainder when 371761 is divided by 24407?
5656
Calculate the remainder when 58802425 is divided by 8400340.
45
What is the remainder when 27101 is divided by 13536?
29
Calculate the remainder when 4394545 is divided by 1735.
1525
What is the remainder when 318891 is divided by 144?
75
Calculate the remainder when 119568 is divided by 3100.
1768
Calculate the remainder when 28998 is divided by 18.
0
What is the remainder when 618816300 is divided by 153?
150
What is the remainder when 1374737 is divided by 975?
962
Calculate the remainder when 3080029 is divided by 222.
1
What is the remainder when 23329 is divided by 3520?
2209
Calculate the remainder when 253545 is divided by 259.
243
What is the remainder when 56984 is divided by 1787?
1587
Calculate the remainder when 331010775 is divided by 2058.
2055
What is the remainder when 358773 is divided by 71744?
53
Calculate the remainder when 10712760 is divided by 1022.
156
Calculate the remainder when 5736827 is divided by 10281.
29
What is the remainder when 1212 is divided by 796?
416
What is the remainder when 5297854 is divided by 2641?
8
What is the remainder when 198448 is divided by 109?
68
What is the remainder when 5456665 is divided by 12?
1
Calculate the remainder when 1180224 is divided by 58945.
1324
What is the remainder when 277686847 is divided by 64?
63
Calculate the remainder when 1949646 is divided by 64987.
36
Calculate the remainder when 1824369 is divided by 1322.
9
Calculate the remainder when 1246056 is divided by 415099.
759
What is the remainder when 44156878 is divided by 45?
43
Calculate the remainder when 52418 is divided by 1483.
513
Calculate the remainder when 1424146 is divided by 24138.
4
What is the remainder when 425653 is divided by 38456?
2637
What is the remainder when 1051096 is divided by 24?
16
What is the remainder when 13349637 is divided by 676?
665
Calculate the remainder when 7106062 is divided by 1421207.
27
Calculate the remainder when 411932 is divided by 21.
17
Calculate the remainder when 22861 is divided by 3745.
391
What is the remainder when 161108 is divided by 1114?
692
Calculate the remainder when 509839 is divided by 1705.
44
What is the remainder when 20540 is divided by 10248?
44
Calculate the remainder when 4270698 is divided by 6032.
42
What is the remainder when 2632722 is divided by 862?
174
Calculate the remainder when 146158788 is divided by 964.
0
What is the remainder when 166006 is divided by 89?
21
Calculate the remainder when 1225780365 is divided by 679.
677
Calculate the remainder when 198962 is divided by 12410.
402
Calculate the remainder when 204237 is divided by 2502.
1575
Calculate the remainder when 904779 is divided by 33510.
9
What is the remainder when 668796 is divided by 1379?
1360
What is the remainder when 1053699 is divided by 3388?
31
What is the remainder when 1567526 is divided by 46?
30
What is the remainder when 187559 is divided by 62065?
1364
What is the remainder when 112453 is divided by 109252?
3201
What is the remainder when 30438 is divided by 13516?
3406
What is the remainder when 492482 is divided by 492463?
19
Calculate the remainder when 4190227 is divided by 11607.
100
Calculate the remainder when 592124109 is divided by 8.
5
Calculate the remainder when 5820012 is divided by 103.
100
Calculate the remainder when 561755 is divided by 69839.
3043
Calculate the remainder when 730257 is divided by 31707.
996
What is the remainder when 31848 is divided by 3525?
123
Calculate the remainder when 97710 is divided by 375.
210
What is the remainder when 32922949 is divided by 128?
69